 Is (-12888 + -46)*d/2 prime?
False
Let v = -2457 + 958. Let y = 5754 - v. Is y composite?
False
Is ((-58726185)/(-84))/((-1)/(-4) + 1) composite?
False
Suppose -4*u - 4*b - 31 - 1 = 0, -3*b - 4 = -2*u. Let w(j) = 2*j + 0 + 31*j**2 - 1 + 0. Is w(u) a composite number?
False
Is -15 + (-6 - -26) - (-37033 - 2/2) a prime number?
True
Let v(w) be the second derivative of -w**5/20 - 3*w**4/4 - 13*w**3/6 - 25*w**2/2 - 12*w. Suppose -u = -33 + 43. Is v(u) a prime number?
False
Let p = 279 + -223. Is 2/(p/413332) + 84/(-98) composite?
True
Let b = -30 - -121. Let o = b - 2. Suppose 0 = -2*q + o - 39. Is q composite?
True
Let d(r) = 31*r**3 - 7*r**2 + 7*r - 11. Let u(j) = j**3 - j**2 - 4*j + 1. Let y(q) = d(q) - 2*u(q). Is y(8) a prime number?
False
Suppose 2*r + 4*n = 574330, 0 = 2*r - 0*n + 3*n - 574333. Is r prime?
False
Let v(g) = -g**3 + 7*g**2 - 30*g - 33. Let d be v(-23). Suppose 533 + d = 10*u. Is u a composite number?
True
Let d(h) = 1777*h + 209. Let a be d(19). Suppose 3951 = -3*q + a. Is q a prime number?
True
Let v(a) = 8463*a - 2864. Is v(47) composite?
False
Let k be (-64)/(-14) + 51/119. Suppose 3*y = -o + 1434, -1771 = -k*y - o + 621. Is y a composite number?
False
Suppose 2*p - 62565 = -5*h, -115*h + 2*p + 50070 = -111*h. Is h a prime number?
False
Let r(x) = -2985*x + 485. Let w be r(-12). Let v = w + -25192. Is v prime?
True
Suppose 0 = 7*c - 11*c + 36. Let f(o) = -2*o**3 + 6*o**2 - 3*o - 13. Let t(n) = n**3 - 3*n**2 + 2*n + 7. Let r(m) = 4*f(m) + 9*t(m). Is r(c) a prime number?
False
Let g = -5 - -65. Suppose -56*j + g*j = 5596. Is j composite?
False
Let t = -96158 - -165529. Is t composite?
False
Let t(l) = 4459*l**3 + l**2 - 2*l - 2. Let m be t(2). Suppose 2*s + m = 4*h, -3*s + 0*s = -2*h + 17837. Is h a composite number?
True
Is 15/(-2400)*-20*2000984 composite?
False
Suppose 0 = n + 54*v - 49*v + 15, -4 = v. Suppose -2*t + 3*t = -2*u + 1119, -n*u + 5 = 0. Is t prime?
True
Let u(j) = 2*j + 751. Suppose -4 = 2*k, 3*f + 0*f = 5*k + 10. Is u(f) composite?
False
Is ((-27119490)/(-17) - (4 - 7)) + (-228)/1938 prime?
True
Suppose 0*s - 3*s + 2 = -2*k, -k = 1. Suppose -l = -2*m - 245, -l - m = -s*m - 254. Is l a prime number?
True
Is 12/60 - (-846936)/20 - -6 a composite number?
True
Is (152340/(-48) - -4)/(3/(-12)) composite?
True
Is (2/3)/((26/(-1535313))/(-1)) a composite number?
False
Suppose 4*x + 84 - 116 = 0, -5*n = 5*x - 1308425. Is n a composite number?
True
Suppose 46*n - 17*n - 5197115 = -48*n. Is n prime?
False
Suppose 0 = 6*t - t - 415. Let f = t - 44. Suppose -5*a = 4*i + f - 1007, -a = 3*i - 715. Is i prime?
False
Let g = -12 + 26. Let n = g + -12. Suppose 3*k + 2*i = 752, k + 5*i = -n*k + 737. Is k composite?
True
Let s = 69 + -67. Let n be 20/(s + 2 + -2). Is 15212/20 - (-4)/n composite?
False
Is (-6)/(-15) - 1*(-6220242)/70 a composite number?
False
Suppose 2*o + 2*n - 996349 = -84547, 0 = -5*n. Is o a prime number?
False
Let r(n) = -n**3 - 9*n**2 + 19*n - 23. Let t be r(-11). Suppose -t*x + 3*x + 42455 = 0. Is x composite?
True
Let p(i) = 4*i**2 - 5*i - 5183. Is p(-96) prime?
False
Suppose -1870432 = -11402*z + 11370*z. Is z prime?
True
Let a(g) = -4*g - 9. Let d be a(-3). Suppose -3*w = -j + 11 + d, -2*j - 22 = 4*w. Is w/(75/(-2559))*5 prime?
True
Is 4*(-1 + 24/28) - 453528/(-168) prime?
True
Let y be 2/2 + (-11 - -17). Suppose 0 = 4*d - 5*k - 907, 2*k = 3 + y. Is d composite?
False
Suppose 2*n + 5*a - 32 = a, 15 = 3*n - 5*a. Let f(t) = t**3 - t**2 - 3*t + 23. Let s be f(n). Suppose -6*x = -589 - s. Is x a prime number?
False
Let k(r) = r**2 + 28*r + 1. Suppose 0 = -21*h + 24*h - 90. Is k(h) a prime number?
True
Suppose 1337 - 49 = 14*p. Let y = p - 2. Let u = y - -543. Is u a composite number?
True
Suppose 72*f - 465363 = 1025541. Is f composite?
False
Let k(n) = 4*n**3 + 354*n**2 - 74*n + 249. Is k(-84) composite?
True
Suppose -2*t + 313 = w, -5*t - 12 = -t. Let n = w - -539. Let p = 2705 - n. Is p a prime number?
True
Let p(c) = 8657*c - 1366. Is p(7) composite?
False
Suppose -4 + 8 = -s, 5*x = 3*s + 282672. Is x/(-24)*(-4)/14 prime?
True
Let s(h) = -h**3 + 10*h**2 - 8*h - 7. Let t be s(9). Suppose 0 = -t*v + 2, -2*v = 5*n - 14977 + 4625. Suppose 3*a + 5*p = n, -3*a + 3*p = a - 2731. Is a prime?
False
Let d(g) = 3283*g**2 + 40*g - 64. Is d(-5) composite?
True
Suppose 0 = -q - 10*q + 176. Suppose 13*b = q*b - 2931. Is b a prime number?
True
Let v(z) = 27*z**3 + 9*z**2 - 43*z + 175. Is v(18) a composite number?
True
Let i = -6 + 8. Suppose i*r - 2*z - 3178 = 0, 4*z - 1938 = -r - 344. Suppose 0 = 2*c - 2372 - r. Is c prime?
False
Suppose 2*h + 166*k = 170*k + 81730, -3*h = k - 122581. Is h a composite number?
True
Suppose 5*l = 3*w - 203279 - 362782, w + 4*l = 188653. Is w a composite number?
False
Let h(v) = -8*v - 40. Let g be h(-5). Suppose 5*k - 3*i - 38038 = -g*i, k = i + 7608. Is k a prime number?
True
Suppose -1209 = 5*y - 1229. Suppose 2*c + 5*p - 359 = 0, 11*c = 16*c - y*p - 947. Is c prime?
False
Suppose j = -2*k + 9, -4*j - 5 = 2*k - 11. Let v be (k - 2) + 6883 + -8. Suppose 5*p = -o + 4*p + 3437, -3*p = 2*o - v. Is o composite?
False
Suppose -125*l + 20 = -120*l. Is (-4)/(-22) + l + (-24975)/(-33) a composite number?
False
Suppose 4*n - 5*n + 117850 = -3*l, -2*n + 235685 = -3*l. Is n a prime number?
False
Let g(x) = -26*x + 130. Let v be g(5). Suppose -2*j - 45561 = -3*a, v = j - 3*j. Is a a prime number?
True
Let r = 43 - 42. Let o be (-1)/((2*1/r)/(-1214)). Suppose -3*p = 3*n - 633, -4*n + 5*p = -o - 237. Is n composite?
False
Let j(y) = -y**2 + 2. Let q be j(-3). Let p(g) = 17 - 186*g - 48 + 118*g. Is p(q) a composite number?
True
Suppose 0*f + 801216 = 34*f - 12838462. Is f composite?
True
Let w(x) = 255*x - 14. Suppose 5*c - 12*c + 21 = 0. Is w(c) a prime number?
True
Suppose 0 = 3723*u - 3773*u + 9818950. Is u a composite number?
False
Let r(g) = -6904*g - 567. Is r(-7) a composite number?
True
Let v = -286 - -337. Is 2 + (-98646)/(-21) - v/119 prime?
False
Let s = 22696 + -15143. Let a = s + -2014. Is a a composite number?
True
Suppose 0 = 67*d - 662 - 946. Let o be 1*-2 + (1 - 2). Is 3560/d + (-4)/18*o prime?
True
Let f = -16 - -20. Suppose 0 = 2*x - f, -19 = -5*j - 9*x + 7*x. Suppose 0 = -j*m + 7*m - 1204. Is m a composite number?
True
Let z(b) = -777*b - 90. Let r be z(-15). Is (-8)/(-1) - r/(-5) composite?
True
Let c(f) = -2*f**3 - 5*f**2 + 10*f + 11. Let w be c(-9). Let m = 1875 - w. Is m prime?
False
Let f(b) = -3*b - 25. Let i(h) = 4*h - 1. Let x(w) = -f(w) + 6*i(w). Let q be (-5)/(-2)*(-8)/(-5). Is x(q) composite?
False
Let c = 86 - 75. Suppose 0 = -c*a + 33345 - 12434. Is a composite?
False
Suppose 5*l - 80 = l. Suppose 5*f + l = 5*v, -5*f = -4*v + v + 28. Let s(k) = -72*k + 15. Is s(f) prime?
False
Let k be 4/(-10) - (-88)/(-60)*-3. Suppose -5*b + 23337 = -k*n + 6412, -n + 16950 = 5*b. Is b a composite number?
False
Let t(a) = -243*a**3 - 2*a**2 - 48*a - 77. Is t(-6) a prime number?
True
Suppose -41*a = -42*a - 16742. Is a/(-88) - (-6)/8 prime?
True
Let z(q) = 43*q + 0 - 60*q - 56*q - 12. Is z(-7) a prime number?
True
Let y = 23 + -20. Suppose 0 = -i + 1, h + i - y*i - 2425 = 0. Suppose j = -2*j + h. Is j a composite number?
False
Let n = 29267 - -27434. Suppose -7*h + 103704 = -n. Is h composite?
True
Suppose 0 = -2*t + 164 + 26. Let a(g) = 120*g**2 + g + 1. Let p be a(-1). Let j = p + t. Is j a composite number?
True
Suppose 8620 = -6*c + 2*c - 2*j, -2*j = 0. Let y = -1098 - c. Is y composite?
True
Let o = 8 + 7. Let l(z) = -z**3. Let k(x) = 6*x**3 - 31*x**2 - 6*x - 22. Let s(f) = -k(f) - 4*l(f). Is s(o) prime?
True
Let y(r) = 11*r. Let o(b) = -12*b - 1. Let j(u) = -2*o(u) - 3*y(u). Let a be j(-8). Suppose 3*d - 2663 = -a. Is d composite?
False
Let a(j) = -3*j**2 - j + 3. Let q be a(0). Suppose -q*l - p + 32264 = 0, 5*l - 49345 - 4415 = p. Is l prime?
True
Let j = 105 + -185. Let h = -76 - j. Is (-2020)/(-2) - (1 - (-4 + h)) prime?
True
Suppose -4*f + 5364 = 5*x, -2*f + 3*x = 2*x - 2682. Let p be -32 + 13 + 10 + 19. Is f + ((-85)/25 - 6/p) prime?
False
Suppose -2467016 = -27*t + 1208737. Is t prime?
True
Is 1440/240 + (-205918)/(-1*2) a prime number?
False
Let m be 336/9*(9/(-3))/(-1). Let h = -102 + m. Suppose 7*i - h*i = -786. Is i a prime number?
False
Suppose 5*y - 828 + 203 =